{"id":61,"date":"2022-09-13T14:40:22","date_gmt":"2022-09-13T14:40:22","guid":{"rendered":"https:\/\/pigler.hu\/?page_id=61"},"modified":"2024-11-21T13:59:08","modified_gmt":"2024-11-21T13:59:08","slug":"kapcsolat","status":"publish","type":"page","link":"https:\/\/pigler.hu\/index.php\/kapcsolat\/","title":{"rendered":"Kapcsolat"},"content":{"rendered":"<h2 style=\"text-align: center;\">Kapcsolat<\/h2>\n<p>&nbsp;<\/p>\n<p>Telefon: +36703245246<\/p>\n<p>Email: anna@pigler.hu<\/p>\n<p><span style=\"font-weight: 400;\">Konzult\u00e1ci\u00f3 helysz\u00edne: 1025 Bp., Krecs\u00e1nyi utca 12.\u00a0<\/span><\/p>\n<p><span style=\"font-weight: 400;\">Akad\u00e1lyoztat\u00e1s vagy nagyobb t\u00e1vols\u00e1g eset\u00e9n online konzult\u00e1ci\u00f3s lehet\u0151s\u00e9g is el\u00e9rhet\u0151.<\/span><\/p>\n","protected":false},"excerpt":{"rendered":"<p>Kapcsolat &nbsp; Telefon: +36703245246 Email: anna@pigler.hu Konzult\u00e1ci\u00f3 helysz\u00edne: 1025 Bp., Krecs\u00e1nyi utca 12.\u00a0 Akad\u00e1lyoztat\u00e1s vagy nagyobb t\u00e1vols\u00e1g eset\u00e9n online konzult\u00e1ci\u00f3s lehet\u0151s\u00e9g is el\u00e9rhet\u0151.<\/p>\n","protected":false},"author":1,"featured_media":0,"parent":0,"menu_order":0,"comment_status":"closed","ping_status":"closed","template":"","meta":{"footnotes":""},"class_list":["post-61","page","type-page","status-publish","hentry"],"_links":{"self":[{"href":"https:\/\/pigler.hu\/index.php\/wp-json\/wp\/v2\/pages\/61","targetHints":{"allow":["GET"]}}],"collection":[{"href":"https:\/\/pigler.hu\/index.php\/wp-json\/wp\/v2\/pages"}],"about":[{"href":"https:\/\/pigler.hu\/index.php\/wp-json\/wp\/v2\/types\/page"}],"author":[{"embeddable":true,"href":"https:\/\/pigler.hu\/index.php\/wp-json\/wp\/v2\/users\/1"}],"replies":[{"embeddable":true,"href":"https:\/\/pigler.hu\/index.php\/wp-json\/wp\/v2\/comments?post=61"}],"version-history":[{"count":4,"href":"https:\/\/pigler.hu\/index.php\/wp-json\/wp\/v2\/pages\/61\/revisions"}],"predecessor-version":[{"id":134,"href":"https:\/\/pigler.hu\/index.php\/wp-json\/wp\/v2\/pages\/61\/revisions\/134"}],"wp:attachment":[{"href":"https:\/\/pigler.hu\/index.php\/wp-json\/wp\/v2\/media?parent=61"}],"curies":[{"name":"wp","href":"https:\/\/api.w.org\/{rel}","templated":true}]}}